*i + 5*t, 5*i - z*t - 172 = 0. What is the tens digit of (-1)/3*i*-9?
9
Let z(g) = -g**2 + 6*g - 6. Let t be z(2). Suppose 4*y = 3*i + 1735, 4*y - 5*y - t*i + 442 = 0. What is the units digit of y?
6
Suppose 2*x - 16 = -4. Let g be x/(-33) + (-376)/(-11). Suppose u - g = -4*s, -4*u - 2*s + 187 = -3*s. What is the tens digit of u?
4
Let q = -269 + 6534. What is the units digit of q?
5
Let b = -43248 - -99730. What is the tens digit of b?
8
What is the tens digit of 74924/16 + 29/116?
8
Let l(y) = 5*y**3 + y**2 - y + 285. Let c be l(0). Suppose 0 = c*s - 292*s + 6622. What is the units digit of s?
6
Let u = 5044 + -3091. What is the thousands digit of u?
1
Suppose m = -412*x + 409*x + 51162, -x + 17058 = m. What is the tens digit of x?
5
Suppose 7*u - 10 = 2*u. What is the tens digit of 751*-1*(u + -3)?
5
Let a(x) = -64*x**3 - x. Let p be a(1). Let h be 63/(-28)*952/(-21). Let r = p + h. What is the tens digit of r?
3
Let m(r) = -172*r - 29. Let p be m(14). Let o = p + 3555. What is the units digit of 20/(-60) - o/(-6)?
6
Let c be (-32)/(-18) + (16/(-9))/(-8). What is the units digit of ((-1544)/(-8))/(3 - 0 - c)?
3
Let b = -1266 + 618. Let a = 1056 + b. What is the hundreds digit of a?
4
Let v be -3 - (-1 - (965 - -1)). Suppose -1412 - v = -9*y. What is the tens digit of y?
6
Let t(j) = 3763*j**2 + 23*j + 24. What is the hundreds digit of t(-1)?
7
Let n be 7/(3 + -4) - -1235. Suppose -8 = 2*t, u + 3*u + t = n. What is the hundreds digit of u?
3
Let s = 83 + -68. Let m be 40/s*3/2. Suppose m*v + 4*v - 984 = 0. What is the hundreds digit of v?
1
Let v(d) = 509*d**2 + 83*d - 3. Let s be v(6). Suppose 0 = -10*h - 7419 + s. What is the thousands digit of h?
1
Let b(z) = -z**2 - 10*z + 59. Let c be b(-14). Suppose -128 = -w + 4*y, c*w - w = -3*y + 300. What is the units digit of w?
4
Let h(k) = 10*k**2 + 21*k - 89. What is the tens digit of h(-12)?
9
Let i(r) = 10*r - 4 + r**3 - 7 + 5 + 12*r**2. Let m(o) = -o**3 - 6*o**2 - 6*o - 3. Let h be m(-4). What is the units digit of i(h)?
5
Suppose -4*z - 3*l = -5*z + 18, 2*z - 21 = 3*l. Let p(w) = 15*w**z - 1 - 2*w + 5*w - 3*w**2 - 2*w. What is the hundreds digit of p(2)?
1
Suppose -3*d - 8*d = 88. Let q be 2/(5 + d - (0 - 4)). Suppose 0 = -2*p + 5*p - 4*f - 303, q*p = -2*f + 188. What is the tens digit of p?
9
Suppose 13292 + 848 = 2*u + 2*r, r + 4 = 0. What is the hundreds digit of u?
0
Let n = -66 - -74. Let r(w) = 14*w - n + 19 + w - 1. What is the units digit of r(3)?
5
Suppose 108*u = 105*u + 10251. What is the tens digit of u?
1
Suppose w + 9 = 2*s, s + w = 4*s - 12. Suppose s*q + 133 = 6*m - 4*m, -2*m + q + 135 = 0. Suppose -4*i + m = 28. What is the units digit of i?
0
Let u(a) = 790*a**2 + 39*a + 193. What is the thousands digit of u(-5)?
9
Let w(a) = -a**3 + 62*a**2 - 83*a + 264. What is the ten thousands digit of w(34)?
2
Let o(t) = t**3 - 23*t**2 + 27*t + 16. Let n be o(22). Let g be 0 + 0 + (-8 - -5 - n). Let z = g - -345. What is the units digit of z?
6
What is the tens digit of (-4123105)/(-735) - (4/(-3) - -1)?
1
Let f(a) = 31*a + 19. Let y be f(10). Let r(b) = b**2 + b - 4. Let q be r(-3). Suppose 4*l = -3*o + y, 2*l - 7*l + 420 = q*o. What is the units digit of l?
6
Let w(g) = -g**3 + 13*g**2 - 15*g. Let h be w(11). Let j = 450 + h. Suppose -k + d + j = 4*k, -4*d - 306 = -3*k. What is the units digit of k?
6
What is the hundreds digit of (-4)/30 - (-1425348)/135?
5
What is the thousands digit of ((-847159)/(-92) + -21)*4?
6
Let w(p) = -5208*p - 3541. What is the ten thousands digit of w(-6)?
2
Suppose -z + 910 + 5499 = -3*j, 3*z - 8537 = 4*j. Let q = -1250 - j. What is the tens digit of q?
8
Suppose g - 3 = -4*u, 0*g = 3*g + 5*u - 30. Suppose -3*k + 0 - g = 0. What is the units digit of ((-40)/k)/((-2)/(-23))?
2
Let n be -65*(-19)/((-475)/180). Let a = n + 859. What is the units digit of a?
1
Let w(h) be the third derivative of 5*h**4/8 + 32*h**3/3 - 28*h**2 + h. What is the units digit of w(8)?
4
Let d = 376 - -809. Suppose -2*q - d = -7*q + 5*k, -2*k = 0. What is the tens digit of q?
3
Let j = -50610 - -92206. What is the ten thousands digit of j?
4
Suppose -4*g + 37336 = 2*w, 3*w - 276 = -2*g + 55740. What is the hundreds digit of w?
6
Suppose -3198 = 2*g - 8*g. Suppose 1249 = 5*v - y, 4*y - 19 = 2*v - g. Let u = -174 + v. What is the units digit of u?
5
Let j = 67 + -67. Suppose 2*z - 3*b - 109 = 0, -3*z + 5*z - 4*b - 108 = j. Suppose -d - d = -z. What is the tens digit of d?
2
Suppose 79*r - 245102 - 693023 = 0. What is the hundreds digit of r?
8
Let r(p) = -p + 17. Let t be r(16). Let h(g) = -2*g**3 - g**2 + 3*g - 2. Let m be h(t). Let i = m + 32. What is the units digit of i?
0
Let n be (-6 - -4) + 31 + -4. Suppose -23*z - 1182 = -n*z. What is the hundreds digit of z?
5
Let i be -3 + -3*(2 + -8)/2. Suppose -i*x - 28*x + 26010 = 0. What is the tens digit of x?
6
Let b = 9376 + -6272. What is the thousands digit of b?
3
Let a be (-20)/24 + (-1493)/(-6). Let b = -173 + a. What is the units digit of b?
5
Let z be ((-20)/(-25))/((-12)/(-30)). Suppose -3*x + z*g = -3250, -4*g + 6735 = 5*x + 1311. What is the tens digit of x?
8
Let q(j) = -j - 1. Let h be q(-3). Suppose 5*n + 4*z = -53, h*n = 2*z + 5 - 37. Let m = 33 + n. What is the tens digit of m?
2
Suppose v = -2*t + 5 + 3, 4*v - 14 = -2*t. Let p be 0*(t/3)/(-1). Suppose p*b - 6*b = -510. What is the units digit of b?
5
Let v = 17225 + -4182. What is the units digit of v?
3
Let w = -94 - -106. Let c be -4 - w/(-3) - -5. Suppose -11*l + 1032 = -c*l. What is the units digit of l?
2
Let d(f) = 3*f + 1748. What is the units digit of d(32)?
4
Let m be (30/(-4))/(54/144). Let i(o) = o**2 + 15*o - 41. What is the tens digit of i(m)?
5
Let t = 32 + -29. Suppose t*o - 2*g = -0*g + 11, -5*o = 5*g - 60. Suppose 11*i = o*i + 308. What is the units digit of i?
7
Suppose 243*g = 245*g - 196. Suppose 101*f - 5*q - 5730 = g*f, -12 = -4*q. What is the tens digit of f?
1
Let j = 9 - 3. Suppose -j*y - 11*y = 3638. What is the units digit of (-6)/48*-2 + y/(-8)?
7
Let m = -749 - -740. Let v(j) = j. Let x(n) = n**2 + 6*n + 9. Let y(z) = -2*v(z) + x(z). What is the tens digit of y(m)?
5
Suppose 581*c - 524*c = 2135505. What is the tens digit of c?
6
Let r = 85134 + -57358. What is the thousands digit of r?
7
Let u = -4032 - -8141. What is the hundreds digit of u?
1
What is the tens digit of (-9)/(63/(-17087)) - -14?
5
What is the tens digit of 4/(-16)*2/(-4) + 1582816/256?
8
What is the units digit of ((5 - 11) + 6)/(-1*2) - -18579?
9
Let y(s) = 68*s + 3. Let k be y(-3). Let f be (-37 + 41)/(3/(-102)). Let o = f - k. What is the units digit of o?
5
Suppose -4*j = 2*z + 12, 0 = 5*z - 8*z - 2*j - 14. Let y be (6 - 16)*2/z + 0. Suppose -125 + 0 = -y*t. What is the tens digit of t?
2
Suppose 0 = -67*p + 18*p + 38171. What is the units digit of p?
9
Let h = 10865 - 6659. Suppose 6*t + h = 12*t. What is the units digit of t?
1
Let n = -44018 - -93635. What is the thousands digit of n?
9
Let s = -24 + 27. Suppose s*n = 3*j - 48, n + 13 = 2*j - 16. Let f = 15 + j. What is the tens digit of f?
2
What is the thousands digit of 5 + 588/(-112) - -954*50/16?
2
Let i(j) be the first derivative of 9*j + 3/2*j**2 - 2 - 1/2*j**4 - 5/3*j**3. What is the units digit of i(-4)?
5
Suppose -5*f + 696 = 4*w - 615, 0 = 2*f - 3*w - 529. Suppose -4*c - g = f - 82, -2*g = -3*c - 144. Let h = 26 - c. What is the tens digit of h?
7
Let i be 1402 + 36/60 + 24/10. Suppose -5*s - 5*u + 2*u = -i, 281 = s + 2*u. What is the tens digit of s?
8
Suppose -3244 = 10*f + 3156. Let v = -251 - f. What is the units digit of v?
9
Suppose 23*d - 10594 = -i + 27*d, -4*i = 5*d - 42271. What is the tens digit of i?
7
Suppose 3*g = k + 135 - 426, -4*g = 5*k - 1512. Suppose 0 = 9*q - k - 132. What is the tens digit of q?
4
Let z = 66827 - 37079. What is the ten thousands digit of z?
2
Let n(q) = 23*q + 4*q + 3*q - q + 50. Let x be n(6). Let v = x - 123. What is the tens digit of v?
0
Suppose 339*p - 30558 = 328*p. What is the hundreds digit of p?
7
Let l(g) be the first derivative of 7*g**3/3 - 7*g**2 - 4*g + 84. What is the hundreds digit of l(10)?
5
Suppose 6 = z - 59. Let d = -9 + 14. Let f = d + z. What is the tens digit of f?
7
Let z = 659 + -657. Suppose 3*s + 5*o = z*s + 360, -o - 1774 = -5*s. W